hat is the tens digit of a?
3
Suppose 0 = 3*b + i - 10 - 1, 2*i = -2*b + 2. Suppose b*p - 134 = -2*t + t, -351 = -3*t + 2*p. What is the units digit of t?
9
Suppose 3 = b, 0*b - 26 = -r - 3*b. Let y = 21 - r. What is the units digit of y?
4
Suppose 0 = -k + 6*k - 40. Let w = k - 1. Let b = 2 + w. What is the units digit of b?
9
What is the units digit of (944/64 + -17)*8240/(-6)?
0
Let k(d) = 82*d**2 - d - 2. What is the tens digit of k(-1)?
8
Suppose -4*a = -10*a. Let t(h) be the third derivative of h**6/120 - h**5/60 + 5*h**3 - 2*h**2. What is the units digit of t(a)?
0
Let t = 283 - 256. What is the units digit of t?
7
Suppose 0 = -16*c + 17741 - 2317. What is the hundreds digit of c?
9
Let x = 8 + 90. Let w = x + -39. Suppose -r = 4*f - w, 5*f - 36 = 3*r + 42. What is the units digit of f?
5
Let w(k) = 36*k**2 - 22*k - 125. What is the hundreds digit of w(-6)?
3
Let a(g) = 8*g**2 - 8*g + 6. What is the tens digit of a(11)?
8
Let q = -12 - -14. Let a be (-1561)/(-63) - q/(-9). Suppose -5*n = a, x + n = -4*x + 10. What is the units digit of x?
3
Suppose 12*u - 1563 - 1653 = 0. What is the tens digit of u?
6
Suppose 0 = 4*n + q, 2*q = 5*n + 3*q. Let w(d) be the third derivative of -d**6/120 + d**5/60 + d**4/24 + 5*d**3/2 + 6*d**2. What is the tens digit of w(n)?
1
Let y(v) = v + 3. Let r be y(0). Let g(o) = 4*o**2 + o - 1. What is the units digit of g(r)?
8
Suppose 2*j = -2*j - 60. Let h = j + 21. What is the units digit of h?
6
Suppose 5*s = h - 494, h + 5*s = 3 + 461. What is the hundreds digit of h?
4
Let q = 1686 - 777. What is the hundreds digit of q?
9
What is the thousands digit of (-2098 - -1)/((1/2)/(-1))?
4
Let q(x) = 51*x**2 + 31*x + 161. What is the thousands digit of q(-7)?
2
Suppose -5*n + 95 = -5*y, 3*y + 0*n + 4*n + 29 = 0. What is the units digit of (4 - (-78)/y)*440/(-6)?
8
Let u(r) = -15*r. Let y be u(1). Let z = y - -26. Suppose -31 = -f + z. What is the units digit of f?
2
Let w be -3 + (-14)/(-6)*3. Let y be w/10 - (-896)/(-40). What is the units digit of 3*(-2 + y/(-6))?
5
Let b(p) = -p**3 - p**2 + 4*p + 465. What is the tens digit of b(0)?
6
Suppose 7*t - 10 = 32. What is the units digit of (-1 + 46/t)*(54 + -45)?
0
Let k(h) = -7*h**3 - 16*h**2 - 3*h - 16. What is the hundreds digit of k(-6)?
9
Let g be 1 - (2 + -2)*-1 - -1. Suppose -64 = -w - 5*v, -g*w + 3*v = -0*w - 76. What is the tens digit of w?
4
Suppose 58 = -2*t - 5*o, -2*t - 2*o - 22 = 30. Let p be (272/t)/(2/(-3)). Let f = p - -1. What is the units digit of f?
8
What is the tens digit of 3/(-1) + 2464/22?
0
Let c(h) be the first derivative of h**5/20 + 5*h**4/6 - h**3/6 - 3*h**2 - h - 5. Let b(j) be the first derivative of c(j). What is the units digit of b(-10)?
4
Suppose -f = u - 233, 959 = 4*u - 3*f - 2*f. Suppose -4*c + u = -32. What is the tens digit of c?
6
Let b be ((-7)/28)/(2/(-16)). Let o(k) = 4*k**3 - k**2 + 2*k - 1. What is the tens digit of o(b)?
3
Let g = 14 + 47. Let q = 137 - g. Suppose -19 = -5*f + q. What is the tens digit of f?
1
Let g be 117/(-18) + 1/2. Let d(y) = y**2 - 7*y - 26. What is the units digit of d(g)?
2
Let c = 849 - 189. What is the tens digit of c?
6
Suppose 2*p - 773 = 5*r, 3*p + 3*r = 7*p - 1553. What is the units digit of p?
9
Let r be 6/(-21) + 8436/28. Suppose -r = 2*g - 5*g - 4*s, -3*s = 3*g - 300. What is the tens digit of g?
9
Let n = 4 + -2. Suppose -2*w - n*p = -4*w + 34, -4*p + 22 = 2*w. Let i = 21 - w. What is the units digit of i?
6
Suppose -134 + 132 = -2*z. Let g(d) = d**2 - 2*d + 2. What is the units digit of g(z)?
1
Let u be ((-3)/(-4))/((-3)/(-24)). Suppose y - u = 10. Suppose -17*s = -y*s - 17. What is the units digit of s?
7
Suppose 0 = 4*l - 2*u - 990, -9*l - 1205 = -14*l - 4*u. What is the hundreds digit of l?
2
Suppose 84*b - 92327 = 67*b. What is the hundreds digit of b?
4
Suppose -9*g = -7584 + 2229. What is the units digit of g?
5
Let b = -83 - -101. Suppose 0 = -25*h + b*h + 1456. What is the hundreds digit of h?
2
Suppose -4*a - 5*x = -16, -2*a + 14 = 2*x + 2*x. Let i(g) = -28 + 9 + 6 + 2*g + 14 + 11*g**2. What is the tens digit of i(a)?
1
What is the tens digit of (-5 - (45/(-6) + 2))*822?
1
Let c(t) = -t**3 - 25*t**2 - 12*t - 87. What is the units digit of c(-27)?
5
Let y be (-1 - 1)/(30/(-45)). Suppose -5*z + y*t - 2 = -4*z, 5*t = 5*z - 10. What is the units digit of z?
4
Suppose -3*l + 9 = -3*r, -3*l + l = 5*r - 13. Suppose -l*s = -s - 18. Suppose -10*p + 24 = -s*p. What is the units digit of p?
6
Let r = -14 + 16. Suppose x + 3*d + 42 = -32, -r*d - 78 = x. What is the units digit of x/(-10) + 2/5?
9
Suppose -314 = -4*f + 1034. What is the units digit of f?
7
Let q(f) = f**2 - 2*f + 15. Let o be q(-8). Suppose 0 = -2*r + 5*x + o, -r - 4*x = -0*r - 15. What is the tens digit of r?
3
Let f = 35 + 20. Suppose -4 = s - f. What is the tens digit of s?
5
Suppose -3*s - 3767 = -4*u + 252, -u = -4*s - 1021. What is the hundreds digit of u?
0
What is the units digit of (-7053)/(-5) - 2/(30/9)?
0
Suppose 3*v + 12 = 6*v, 0 = 2*g + 4*v - 64. What is the tens digit of 22/(-2 - g/(-10))?
5
Suppose -2*z = -z. Let n(y) = 8 + 2*y**2 + z*y + 10*y - y**2 + 5. What is the tens digit of n(-12)?
3
Suppose 0 = 2*i - 5*i + 54. Suppose 4*a - i + 6 = 0. Suppose 4*k + 2*c - 6*c - 116 = 0, -a*k = c - 75. What is the units digit of k?
6
Let t = -2082 - -3534. What is the units digit of t?
2
Let w = 20 + -12. Let a = w - -30. Let f = -4 + a. What is the tens digit of f?
3
Suppose -8 = 4*h - 3*t, -4*t - 3 = 5*h + 7. Let i be (h - -3)/((-2)/(-10)). Suppose 0*w + 5*o = -w + 38, 5*o = -i*w + 270. What is the tens digit of w?
5
Suppose 3*c + 1424 = 7*c. What is the units digit of c?
6
Let d(x) = -x**3 - 13*x**2 - 3*x + 6. Let q be ((-144)/(-40))/(6/(-20)). Let s be d(q). What is the units digit of -1*s/15*5?
4
Let q = 19 + -7. Let w be 5/1 + -14 + q. Suppose f - 5*v - 42 = -3*v, 0 = -w*f + v + 116. What is the units digit of f?
8
Let n(v) = v**3 - 7*v**2 - 6*v. Let g = 2 + 1. Suppose -13 = -2*x + g. What is the tens digit of n(x)?
1
Let q(c) = c**3 - c**2 + c + 9. Let w be (-5 - -5)/(3/3). Let o be q(w). What is the tens digit of (-4 - (-33)/o)*-111?
3
Let y(q) = -q**2 + 10*q + 9. Let o be y(5). What is the units digit of 4/o - 1798/(-34)?
3
Let k = 961 - -141. What is the thousands digit of k?
1
Let n(b) = -3*b + 29. Let y be n(10). Let f(w) = 36*w**2 + 3*w + 3. What is the units digit of f(y)?
6
Let s = 3836 - 2687. Suppose 4*y = 2*y + 4*m + 462, 5*y = 4*m + s. What is the units digit of y?
9
Let z(m) = 0*m**3 + m**3 + 9*m + 2 - 18*m - 7*m**2 + 10. What is the units digit of z(8)?
4
Let x(a) = 9*a**2 + 2*a + 2. Let h be x(-1). Suppose 5*q - 405 = 5*d, 17 = -4*d + 5. What is the tens digit of (q/h)/(6/18)?
2
Suppose -5*t - 2*f + 102 = 0, 3*t + f + 2*f - 54 = 0. Let l = t - 16. Suppose 2*q = j - 6, 0 = -2*j + 2*q + 10 + l. What is the tens digit of j?
1
Let l(v) = v**2 - 34*v + 1. Let x be l(31). Suppose -3*r + 73 - 220 = -3*z, 2*z + 8 = 0. Let q = r - x. What is the units digit of q?
9
Let c = 4581 - 1974. What is the units digit of c?
7
Let t(v) = -2*v - 6. Let d be t(-3). Suppose -5*c - 6 = 4*g + 10, -c = -g + 5. Suppose d = 5*q - 19 - g. What is the units digit of q?
4
Let c(y) be the third derivative of y**4/24 - 2*y**3/3 - y**2. Let l be c(8). Suppose 0*x - 5*x + 270 = -5*i, l*x - 3*i - 215 = 0. What is the units digit of x?
3
Suppose -2*f + 10 = 4*y, 4*y = -4*f + 3*f + 1. Let g = f - 2. Suppose -3*z - 2*o = -g - 41, -4*z = -2*o - 78. What is the tens digit of z?
1
What is the tens digit of 6 + (-6 - -2184 - (-2)/1)?
8
Suppose -7*v + 3*v - 12 = 0. Let h(s) = 9*s + 10. Let j be h(v). Let c = j + 27. What is the tens digit of c?
1
Let s(t) = 2*t - 8. Let x = 15 - 11. Let q be s(x). Suppose 4*f + 16 = 0, -u + 2 = 5*f - q. What is the tens digit of u?
2
Suppose -12*b = -9*b - 117. What is the units digit of b?
9
Let u(q) = 4*q - 152. Let a be u(0). Let t = -84 - a. What is the units digit of t?
8
Let s(x) = 16*x**2 - 12*x - 28. Let r be s(-4). Suppose 3*t - 45 = r. What is the units digit of t?
7
Suppose 4*o = -16 + 32. Suppose b + 0*b = -o*z + 108, 2*z = 4*b - 486. What is the tens digit of b?
2
Let o(m) = 2*m**2 - m. Let i be o(-2). Let q be (-1 + 6/4)*i. Let f(x) = -x**3 + 7*x**2 - 3*x - 5. What is the tens digit of f